(f) = 13*f - 8. Calculate k(1).
5
Let u(q) = -q**3 - 14*q**2 - 35*q - 19. What is u(-11)?
3
Let y(v) = 2*v**3 + 4*v**2 + v - 3. Give y(3).
90
Let w(d) = -25*d**2 - d + 1. Calculate w(1).
-25
Let r(o) = -o**3 - 3*o**2 + o - 29. Give r(0).
-29
Let w(o) = -o**2 - 5*o - 2. What is w(-2)?
4
Let r(i) = 6*i + 53. What is r(-10)?
-7
Let b(g) = -g**3 + 8*g**2 - g - 1. Calculate b(9).
-91
Let f(o) = 2*o**3 - 81*o**2 + 43*o - 119. What is f(40)?
1
Let b(s) = 2*s**3 - 11*s**2 - 4*s - 6. Determine b(6).
6
Let l(s) = -s**2 + 20*s - 21. Determine l(19).
-2
Let k(j) = -j - 20. Give k(-9).
-11
Let y(s) = -6*s - 4. Give y(1).
-10
Let m(r) = -r**2 - 17*r - 23. What is m(-13)?
29
Let p(g) = 3*g - 1. What is p(-1)?
-4
Let g(j) = j**3 + 12*j**2 - 61*j - 8. What is g(4)?
4
Let n(w) = w**3 - 14*w**2 + 12*w - 31. Determine n(13).
-44
Let d(i) = -2*i - 31. Calculate d(15).
-61
Let b(s) = -8*s**2 - 3*s - 3. Give b(-1).
-8
Let q(u) = u**2 + 2*u + 1. What is q(-3)?
4
Let v(y) = -y**3 + 8*y**2 - 20*y + 7. Calculate v(7).
-84
Let x(o) = 3*o**2 - 8*o + 20. Calculate x(6).
80
Let u(i) = 2*i**2 - 96*i + 90. What is u(47)?
-4
Let t(h) = -h**3 + h**2 - 1. What is t(1)?
-1
Let s(g) = -g**3 - 2*g + 6. Determine s(2).
-6
Let k(u) = -u**2 + 9*u - 16. Determine k(8).
-8
Let j(s) = 4*s - 47. What is j(9)?
-11
Let m(f) = 2*f**2 - 102*f - 111. Give m(52).
-7
Let r(d) = -2*d**2 + 7*d - 8. Give r(4).
-12
Let i(c) = c**3 + 5*c**2 - 21*c - 12. Calculate i(-8).
-36
Let n(l) = -4*l + 177. Calculate n(45).
-3
Let n(a) = a**3 + 2*a**2 - 3*a - 5. Calculate n(-2).
1
Let m(d) = -2*d - 36. What is m(-15)?
-6
Let u(j) = 10*j + 28. Determine u(-15).
-122
Let z(t) = -4*t - 20. Calculate z(-7).
8
Let a(r) = -2*r - 9. Determine a(-6).
3
Let j(h) = h**2 + 11*h - 35. Determine j(-14).
7
Let r(o) = -25*o + 15. Determine r(2).
-35
Let f(i) = -i**3 + 5*i**2 + 3*i + 1. Calculate f(3).
28
Let v(i) = -i + 22. Calculate v(9).
13
Let s(l) = -6*l**2 - 1. What is s(2)?
-25
Let n(w) = 2*w**2 + 16*w + 10. Determine n(-7).
-4
Let h(t) = t**3 - t**2 - 14*t + 6. Calculate h(6).
102
Let q(r) = -r**2 + 8*r + 8. What is q(8)?
8
Let d(h) = -9*h**3 + 3*h**2 - 3*h. Give d(2).
-66
Let m(x) = x + 9. Give m(-16).
-7
Let k(n) = n**3 - 12*n**2 + 12*n. What is k(11)?
11
Let n(k) = k**2 + 24*k + 132. What is n(-7)?
13
Let c(o) = -9*o + 118. Calculate c(13).
1
Let n(q) = -q**2 - 2*q - 5. What is n(-5)?
-20
Let w(x) = 3*x**3 + 26*x**2 - 39*x + 7. Calculate w(-10).
-3
Let y(u) = u**2 + 18*u + 36. Calculate y(-15).
-9
Let g(w) = 2*w**2 - 9*w - 10. Give g(-4).
58
Let k(j) = j**3 - 5*j**2 - 7*j + 7. Calculate k(6).
1
Let p(i) = i**3 + 13*i**2 + 2*i + 17. Calculate p(-13).
-9
Let v(t) = -2*t**3 + 6*t**2 - 4*t - 2. Give v(4).
-50
Let x(m) = -m + 26. Calculate x(18).
8
Let a(g) = g**2 - 12*g + 15. What is a(10)?
-5
Let l(c) = c**3 - 4*c**2 + 3*c + 4. Determine l(4).
16
Let k(i) = -4*i + 43. Give k(13).
-9
Let h(u) = -2*u**3 - 13*u**2 - 7*u - 7. Give h(-6).
-1
Let o(v) = 2*v**3 - 8*v**2 + 6*v - 3. Calculate o(5).
77
Let z(y) = 5*y**2 + 27*y + 38. Give z(-3).
2
Let i(u) = -u**2 + 2*u - 4. Determine i(3).
-7
Let k(d) = 34*d + 878. Determine k(-26).
-6
Let o(c) = 2*c. Calculate o(-2).
-4
Let n(h) = -8*h + 17. Give n(-8).
81
Let r(b) = -4*b - 5. What is r(4)?
-21
Let g(u) = u**3 + 6*u**2 - 8*u - 36. Determine g(-6).
12
Let u(r) = -r**2 + 8*r - 4. What is u(8)?
-4
Let d(l) = -5*l**2 - 6*l + 7. What is d(-5)?
-88
Let j(u) = u**2 + 41*u + 281. Calculate j(-33).
17
Let q(y) = y**3 + 11*y**2 + 3*y + 8. Calculate q(-11).
-25
Let h(b) = -19*b + 2. Give h(3).
-55
Let w(l) = l**2 - 22*l - 42. What is w(17)?
-127
Let z(m) = m**3 - 15*m**2 - 3*m + 42. Calculate z(15).
-3
Let i(c) = 80*c + 248. Calculate i(-3).
8
Let c(r) = 3*r**3 + 4*r**2 - 3*r - 2. What is c(-2)?
-4
Let p(u) = -2*u + 32. Give p(21).
-10
Let v(i) = -i**3 - 12*i**2 - 2*i - 22. Give v(-12).
2
Let t(b) = -2*b**3 - 25*b**2 - 12*b - 6. Determine t(-12).
-6
Let d(w) = -w**3 - 5*w**2 - 7*w - 8. Give d(-4).
4
Let l(h) = -h**2 + 6*h - 6. What is l(6)?
-6
Let h(m) = -2*m**2 - 31*m + 10. Calculate h(-16).
-6
Let p(t) = t**2 - 13*t - 2. Determine p(13).
-2
Let g(q) = q**2 + 14*q + 21. Calculate g(-11).
-12
Let o(u) = -2*u + 41. Determine o(19).
3
Let y(h) = 3*h**2 - 3*h - 2. Give y(3).
16
Let h(k) = k**2 + 34*k + 38. Determine h(-33).
5
Let b(a) = -20*a - 11. Determine b(-1).
9
Let f(j) = -j**3 - 6*j**2 + 4*j - 6. Give f(-5).
-51
Let h(v) = 131*v + 5. Calculate h(-1).
-126
Let o(i) = 3*i**2 + 3*i - 1. What is o(1)?
5
Let q(j) = j**3 + 3*j**2 - 6*j + 3. Calculate q(-4).
11
Let p(k) = -3*k - 2. Calculate p(-1).
1
Let n(b) = 18*b - 6. Give n(1).
12
Let f(b) = b**2 + 5*b + 14. Give f(-4).
10
Let y(w) = w**3 - 6*w**2 + w + 2. Calculate y(5).
-18
Let n(r) = -14*r - 37. Calculate n(-3).
5
Let y(v) = -21*v - 1050. What is y(-50)?
0
Let y(v) = -5*v - 3. Calculate y(-5).
22
Let l(v) = -5*v - 18. Give l(-3).
-3
Let y(i) = i - 4. Determine y(6).
2
Let v(d) = -30*d**2 - 2*d - 1. Calculate v(0).
-1
Let g(x) = 3*x - 3. Calculate g(-1).
-6
Let y(v) = -v**3 + 9*v - 4. Calculate y(-4).
24
Let j(x) = x**3 - 18*x**2 + 17*x - 27. Give j(17).
-27
Let u(k) = 2*k**2 + 63*k - 112. Calculate u(-33).
-13
Let u(i) = 14*i - 7. What is u(1)?
7
Let s(x) = -6*x + 5. Give s(-8).
53
Let k(s) = -s**3 - 18*s**2 + 20*s + 21. Give k(-19).
2
Let h(d) = -20*d + 69. Determine h(2).
29
Let o(u) = -u. What is o(6)?
-6
Let t(w) = -18*w - 289. Determine t(-16).
-1
Let h(v) = 6*v**2 - 3*v - 2. Calculate h(3).
43
Let i(j) = -5*j**2 + 31*j - 15. Determine i(6).
-9
Let s(b) = b**3 - 2*b**2 - 3*b + 3. What is s(2)?
-3
Let z(m) = -13*m - 1. What is z(3)?
-40
Let z(d) = -d**2 + 9*d - 11. Calculate z(8).
-3
Let v(x) = -x**3 - 7*x**2 + 16*x - 2. Calculate v(2).
-6
Let c(r) = -r**2 + 12. What is c(0)?
12
Let b(x) = 21*x - 21. Determine b(1).
0
Let d(k) = -7*k**2 - k + 35. Determine d(0).
35
Let v(k) = -65*k + 794. Give v(12).
14
Let o(b) = -19*b - 144. Give o(-8).
8
Let j(b) = -b**3 - 8*b**2 - 5*b + 10. Give j(-7).
-4
Let q(u) = -34*u**3 - 2*u**2 + 1. Calculate q(1).
-35
Let q(h) = 4*h**3 + 4*h**2 - h + 2. Determine q(-2).
-12
Let h(q) = q**3 + 12*q**2 + q + 5. What is h(-12)?
-7
Let t(d) = -3*d**2 - 2*d - 1. Give t(-4).
-41
Let k(h) = -h**3 - 6*h**2 - 7*h - 4. Calculate k(-5).
6
Let y(z) = -2*z**2 + 44*z - 43. Determine y(21).
-1
Let f(j) = -3*j - 2. Calculate f(0).
-2
Let s(b) = -10*b + 28. Give s(3).
-2
Let n(o) = -o**2 + 6*o - 7. Determine n(3).
2
Let z(d) = -d + 23. Determine z(15).
8
Let t(i) = -2*i**3 - 9*i**2 - 6*i - 3. Determine t(-4).
5
Let f(i) = -i**3 + 9*i**2 - 5*i - 5. Determine f(8).
19
Let r(f) = f - 4. Determine r(0).
-4
Let n(d) = -d - 22. Determine n(-17).
-5
Let y(j) = j**2 + 4*j - 5. Determine y(2).
7
Let s(l) = -4*l + 2. Determine s(2).
-6
Let o(b) = -24*b - 18. What is o(-2)?
30
Let r(d) = d**2 - 4*d - 1. Determine r(6).
11
Let t(m) = -m**3 - 42*m**2 + 87*m - 54. Calculate t(-44).
-10
Let h(a) = 7*a - 38. Calculate h(5).
-3
Let r(y) = y - 12. Give r(7).
-5
Let t(s) = -2*s**2 - 8*s - 3. Give t(-3).
3
Let q(f) = -f**3 + 2*f**2 - 2*f. Give q(0).
0
Let d(r) = -10*r**3 + 2*r**2 + 3*r + 2. Determine d(-1).
11
Let o(n) = -40*n**2. Give o(1).
-40
Let w(v) = v**3 - v**2 - 6*v - 6. Determine w(-4).
-62
Let d(r) = 6*r + 6. What is d(-8)?
-42
Let s(v) = -14*v**2 - 3*v. Determine s(-2).
-50
Let p(k) = k**3 + 30*k**2 + 29*k - 6. Give p(-29).
-6
Let u(j) = 3*j + 1. What is u(1)?
4
Let f(o) = 51*o + 59. Calculate f(-2).
-43
Let q(i) = -16*i - 10. What is q(-2)?
22
Let u(f) = f**2 + 10*f - 51. Calculate u(3).
-12
Let g(i) = i**3 + 26*i**2 + 49*i + 15. Calculate g(-24).
-9
Let n(t) = -t**2 + 7*t + 15. Calculate n(7).
15
Let w(p) = -18*p**3 + 2*p**2 - 10*p + 9. What is w(1)?
-17
Let r(q) = q**3 + 4*q**2 - 6*q - 12. Give r(-5).
-7
Let m(n) = 16*n + 10. Give m(-3).
-38
Let k(z) = z**2 - 4*z + 9. Determine k(6).
21
Let n(t) = t - 3. Calculate n(5).
2
Let l(z) = 3*z + 11. Calculate l(-4).
-1
Let n(s) = -s**2 - 3*s + 5. Give n(-6).
-13
Let z(n) = 2*n**2 - 26*n + 71. What is z(9)?
-1
Let t(h) = h**2 - 5*h - 3. What is t(3)?
-9
Let l(s) = s**2 + 15*s + 39. Calculate l(-19).
115
Let p(r) = -r**3 - 5*r**2 - 4*r - 10. Determine p(-4).
-10
Let v(r) = -r**3 - 5*r**2 - 7*r - 5. Determine v(-6).
73
Let u(j) = -j - 16. Calculate u(-9).
-7
Let p(r) = r - 32. What